
Suppose -3*f - 2683 = -4*z, 4*z + 3*f - 2684 = 7*f. What is the units digit of z?
0
Let g = 96 + 1010. What is the units digit of g?
6
Let q = -1283 - -1288. Let c = -56 + 182. Suppose -q*x - 3*h + c + 233 = 0, x + 2*h - 76 = 0. What is the units digit of x?
0
Let c(b) = 62*b - 53. Let z be (5/(-3))/((-140)/504). What is the units digit of c(z)?
9
Let l(d) = -d**3 + 3*d**2 - d + 12. Let y be l(4). Let a(b) = -b**3 - 6*b**2 + 6*b + 9. What is the units digit of a(y)?
9
Suppose -5*a = -20, r - 1 = -a + 9. Let u(k) = -4*k - 12. Let t be u(-4). Suppose 0 = 2*p + r, t*f + p - 107 = 6*p. What is the tens digit of f?
2
Let q(r) = 73*r**2 + r. What is the tens digit of q(-2)?
9
Let b(c) = -c**3 - 3*c**3 + 71*c - 9*c**2 - 62*c + 3 + 5*c**3. Let l be b(8). Let r = l + 8. What is the units digit of r?
9
Let q(d) = -6*d. Suppose -4*x - 1 - 3 = 0. Let z be q(x). Suppose 3*i = z*i - 126. What is the units digit of i?
2
Let b(c) be the third derivative of c**6/120 - 3*c**5/20 + c**4/3 - c**2. Let m be b(8). What is the tens digit of -19*((-4)/4 + m)?
1
Let g(j) = j**3 + 5*j**2 + 5*j + 10. What is the units digit of g(5)?
5
Let m(p) = -2*p**3 - 11*p**2 + 20*p - 19. Let f be m(-9). Suppose y + 3*z = 104, 3*z = 4*y - z - f. What is the units digit of y?
5
Suppose -3*b - 3 = -21. What is the units digit of 4 - 3/(b/(-296))?
2
Let f(g) = 4*g - 22. Let j be f(16). Let q be (-264)/j - (-2)/7. What is the units digit of -30*2/10*q?
6
Let u be 2 - 594/(-8) - 3/(-4). Let i = u - -36. What is the units digit of i?
3
Suppose -3*h = -h - 3*c + 29, -5*h = 5*c + 60. Let n = h + 6. What is the units digit of (10/6)/(n/(-21))?
5
Suppose 0 = -3*r - 2*t + 7861, 5657 = 5*r + 2*t - 7442. What is the tens digit of r?
1
Let g(z) = -z**2 + 38*z - 154. What is the tens digit of g(32)?
3
Let m be 2*-2 + (-112)/(-14). Suppose -14 = 2*s - m*s. What is the units digit of s?
7
Let s(l) = 33*l**2 - l + 1. Suppose -2*r + 3 = -n + 25, -n + 6 = 2*r. Let c = 15 - n. What is the units digit of s(c)?
3
What is the tens digit of -1*36/6 - -255?
4
Suppose -8*t + 0 + 0 = 0. Suppose u + 4*x - 2 = 2*x, 5*u + 2*x - 50 = t. What is the tens digit of u?
1
Let r = -1315 + 1936. What is the tens digit of r?
2
Suppose -71*i + 14192 = -55*i. What is the hundreds digit of i?
8
Suppose -5*t = -2*t - 9. Suppose -2*x + t*x = 23. Let h = 49 - x. What is the tens digit of h?
2
Suppose 0 = -7*f + 6*f + 4*b - 89, 3*b + 353 = -5*f. Let d = -29 - f. What is the tens digit of d?
4
Let n(z) = 8*z**2 + 10*z + 17. What is the hundreds digit of n(-5)?
1
Let n = -14 - -1. Let b(m) = -m**3 - 14*m**2 - 16*m + 19. What is the tens digit of b(n)?
5
Let w be (-16)/(-4) + -2 - 0. Suppose -x + 9 + 7 = 5*i, 0 = -3*i + w*x + 7. What is the tens digit of -2 - (-3*45)/i?
4
Let a(r) = 270*r + 1. Let d be a(2). Let h = -380 + d. Suppose 4*n - 130 = -2*y, 2*n - 3*y + h = 7*n. What is the tens digit of n?
3
Let v = -560 - -2963. What is the thousands digit of v?
2
Suppose -7 = -0*z - z. Let o(y) = 8*y**2 - 16*y + 5. What is the units digit of o(z)?
5
Suppose -16*l = 1375 + 1537. What is the hundreds digit of (l + 0 + -1)/(-1)?
1
Let w(o) = 4*o**2 + 2*o - 1. Let j be w(1). Suppose 2*h - j*g - 63 - 54 = 0, 5*h = 5*g + 300. What is the units digit of h/3 + 2/(-6)?
0
Suppose 2*w - 5*m + 5 - 24 = 0, 2*w + 4*m = 46. Suppose 48 = 2*o + 4*k, 4*k + w = 2*o - 23. Suppose 12 = b - o. What is the tens digit of b?
3
Let j = 19 + -19. What is the units digit of 2 - ((j - 2) + -46)?
0
Let y(r) = r + 5. Let x be y(-8). Let n = -3 - -2. What is the tens digit of n/(2*x/126)?
2
Let p be (1/(-6))/((-6)/54)*4. What is the units digit of 428/p - ((-4)/6 + 1)?
1
Let g = -38 - -40. Suppose -2*n = -u - 201, g*u + 3*u = -5*n + 465. What is the tens digit of n?
9
Suppose 244 = 31*q - 4375. What is the tens digit of q?
4
Let h(d) = -15*d - 27. Let j be h(-10). Suppose -11*y - j = -14*y. What is the tens digit of y?
4
Let l(u) = -44*u + 13. Let k(x) = 66*x - 20. Let t(z) = 5*k(z) + 7*l(z). What is the units digit of t(3)?
7
Suppose 3*n - 4*n - 4*q - 14 = 0, n - 2*q - 10 = 0. Suppose a = -3*a + g + 382, -n*a + 4*g + 198 = 0. What is the tens digit of a?
9
Suppose 0 = -0*u + 3*u - 5*k + 25, -3*k + 15 = -2*u. Suppose u = -s - 0*s, 0 = 4*d + 5*s + 80. What is the units digit of d/6*(-6)/5?
4
Suppose -16*o = -4*o - 36. What is the tens digit of (o - (3 - 3))*(-58)/(-3)?
5
Suppose 3*o + 4 = -w, 0 = w + w - 5*o - 25. Suppose -w*i + 4*h = -0*i - 23, 3*i - 5*h = 6. What is the units digit of i?
7
Suppose -5*w = 3*x - 0*x - 2107, 701 = x + w. What is the tens digit of x?
9
Let k be 2 + -2 + 24 + 0. Suppose s + 2*s = -k. What is the units digit of 6*(-3)/s*4?
9
Let t(f) = -f**3 - 6*f**2 - 6*f + 1. Let z be t(-5). Suppose 0 = -3*n + z*n + 36. Let q = 5 - n. What is the tens digit of q?
1
Let a(i) = -i**3 - 9*i**2 - 9*i + 1. Let w be a(-8). Suppose w*t - 5 = 8*t. What is the units digit of ((-3)/t)/((-10)/550)?
3
Let a(m) = m**2 + 6*m + 2. Let z(l) = -2*l**2 - 6*l - 2. Let o(d) = -3*a(d) - 4*z(d). What is the units digit of o(-4)?
8
Let k(o) = -o - 8. Let n(f) = -1. Let t(l) = -k(l) + 3*n(l). Suppose 3*h + 0*h - 12 = 0. What is the units digit of t(h)?
9
Suppose -2*p + 4*p = -16. Let m(k) = 1 - 7 - 8 + k**2 + 10 + 2*k. What is the tens digit of m(p)?
4
Let t(j) = -j + 4. Let z be t(4). Let d be z/(-2) - (2 + -42). Suppose -6*q + d = -q. What is the units digit of q?
8
Suppose 10 - 14 = -2*g. Suppose 72 = 3*q - g*q + 3*y, 0 = -3*q - 2*y + 202. What is the units digit of q?
6
Let r(b) = -90*b - 379. What is the units digit of r(-18)?
1
Let c(r) = -25*r + 136. What is the units digit of c(-22)?
6
Suppose -2*m + 0*m = 56. Let q = m + 36. What is the units digit of q?
8
Let x(o) = 2*o**3 + 15*o**2 + 1. Let d be x(-7). Suppose -4*l + 974 - d = 0. What is the hundreds digit of l?
2
Let o = -3 + 49. Suppose 0 = -5*b + o - 11. What is the units digit of b?
7
Suppose 7*g - 64 = 27. Suppose 198 = -10*o + g*o. What is the units digit of o?
6
What is the thousands digit of (-2)/15*-10 - 33288/(-9)?
3
Suppose -6*g = -2*g - 8. Suppose g*m + 3*v + 6 = -m, -3*m - 1 = 2*v. What is the units digit of m?
3
Let q = -218 + 332. Let f be 16*(q/4)/3. Suppose 0 = -3*v - v + f. What is the units digit of v?
8
Suppose 5*z - 2*o - 3926 = 3683, 3*z - 3*o - 4569 = 0. What is the tens digit of z?
2
Let f be 60/20 + 4/(-2). What is the tens digit of 1326/30 + f/(-5)?
4
Let a(w) = 34*w - 29. Let o be a(6). Suppose o = 10*t - 65. What is the tens digit of t?
2
What is the tens digit of (29/(-4))/(1/(-8))?
5
Let x(m) = -m**3 + 13*m**2 + 15*m - 19. Let g be x(14). Suppose -114 = -4*o + 5*r, 6*o - 116 = 2*o + 4*r. Let q = g + o. What is the units digit of q?
6
Let x(r) = -r**2 + 19. Let n(s) = 3*s - 18. Let b be n(6). What is the units digit of x(b)?
9
What is the units digit of (2/14 + 34/56)*100?
5
Suppose 2*h = 4*u + 34, 0 = u + 3*u + 3*h + 49. Let x be (u/(-6) + -1)*12. Suppose 3*k - 6*k + 59 = 2*l, 0 = -4*l - x. What is the units digit of k?
1
Let j(n) be the second derivative of n**5/5 + n**4/12 - n**3/6 + 4*n**2 + 6*n. Let x(b) be the first derivative of j(b). What is the tens digit of x(-2)?
4
Suppose -2*q + 5*q = f + 10108, -2*q + 4*f = -6742. What is the units digit of q?
9
Let s(k) = -k**2 - 13*k + 3. Let n be s(-16). Let d = 52 - n. What is the tens digit of d?
9
Let b(o) = 6*o + 4. Suppose -3*n = -7 - 8. Let t be b(n). Suppose x + 2*x - 4*s = t, x = 4*s - 2. What is the tens digit of x?
1
Suppose 8*w - 3*w = 0. Suppose -b = -4*a + 15, w = -a - 3*b - 2*b + 9. Suppose -134 + 8 = -a*p + g, 0 = -4*p - g + 122. What is the tens digit of p?
3
Let t = -217 + 519. What is the hundreds digit of t?
3
Let n(g) = -g**3 - 3*g**2 + 4*g. Let a be n(-4). Suppose u - p - 219 = a, -6*p + 5*p = 3*u - 661. What is the tens digit of u?
2
Let l = -27 - -22. Let b(g) = 2*g**2 - 4*g + 1. What is the tens digit of b(l)?
7
Let v(p) = -20*p - 9. What is the units digit of v(-2)?
1
Let i(h) = -h**3 - 7*h**2 + 16*h + 45. What is the units digit of i(-10)?
5
Suppose 2*y + 8 = q, 0*y = 5*q + 2*y - 28. What is the units digit of ((-2)/q + 4/6)*18?
6
Let y = -905 + 1531. What is the units digit of y?
6
What is the thousands digit of (-164)/(((-80)/(-8))/(-160))?
2
Let h(g) = 2*g**3 + 11*g**2 - 4*g + 6. What is the tens digit o